1
What is the greatest common factor of 604 and 4096?
4
What is the highest common factor of 33445 and 5?
5
Calculate the greatest common factor of 221038 and 629.
37
What is the greatest common divisor of 5 and 999760?
5
Calculate the greatest common divisor of 42 and 31423.
7
Calculate the greatest common divisor of 3029 and 26.
13
What is the highest common factor of 102 and 6698?
34
Calculate the highest common divisor of 119 and 14336.
7
What is the highest common divisor of 15 and 10495?
5
Calculate the greatest common divisor of 168176 and 368.
368
Calculate the highest common factor of 11010 and 391956.
2202
Calculate the greatest common divisor of 308 and 16863.
77
What is the greatest common factor of 611172 and 108?
108
Calculate the highest common factor of 14 and 5663.
7
What is the highest common factor of 35047 and 21861?
347
What is the highest common factor of 2310 and 172810?
110
What is the greatest common divisor of 12 and 458130?
6
What is the greatest common divisor of 8215660 and 20?
20
What is the greatest common divisor of 42978 and 316160?
494
What is the greatest common divisor of 35 and 70640?
5
What is the highest common divisor of 17 and 1176060?
17
What is the greatest common factor of 1284 and 228?
12
What is the highest common factor of 11114427 and 1329?
1329
What is the greatest common factor of 1062 and 327568?
118
What is the highest common divisor of 42 and 68520?
6
Calculate the highest common factor of 1737 and 264.
3
Calculate the highest common divisor of 35342 and 46002.
82
Calculate the highest common divisor of 62525 and 1312.
41
What is the highest common factor of 12358 and 102416?
74
What is the highest common divisor of 13034 and 57?
19
What is the highest common factor of 470 and 29422?
94
What is the highest common factor of 3075 and 2091?
123
Calculate the greatest common factor of 44 and 872938.
22
Calculate the greatest common factor of 6 and 61678.
2
Calculate the greatest common divisor of 260864 and 1024.
256
What is the greatest common factor of 103128 and 864?
24
What is the greatest common divisor of 2583 and 119?
7
What is the greatest common factor of 14416 and 153?
17
Calculate the highest common divisor of 2528 and 576.
32
Calculate the greatest common factor of 7 and 18210584.
7
Calculate the greatest common factor of 115992 and 11016.
648
Calculate the highest common divisor of 3102 and 36762.
66
Calculate the highest common divisor of 69569 and 584.
73
What is the highest common divisor of 327 and 10246?
109
Calculate the greatest common divisor of 97704 and 230.
46
Calculate the highest common divisor of 4089 and 5829.
87
Calculate the greatest common divisor of 1330 and 14060.
190
What is the highest common divisor of 1343 and 62543?
17
Calculate the highest common factor of 22 and 205538.
2
What is the greatest common factor of 10 and 34378?
2
What is the greatest common divisor of 138 and 12489?
69
Calculate the highest common divisor of 232 and 2180452.
116
What is the greatest common divisor of 775331 and 1084?
271
Calculate the greatest common factor of 1075 and 387.
43
What is the greatest common factor of 213 and 128581?
71
What is the highest common divisor of 1209 and 76353?
93
What is the highest common factor of 81686 and 158?
158
Calculate the greatest common divisor of 38 and 109744.
38
What is the highest common factor of 7 and 722491?
7
Calculate the greatest common divisor of 33143 and 2227.
131
What is the greatest common divisor of 5654 and 1738?
22
Calculate the greatest common divisor of 15 and 951.
3
What is the highest common divisor of 483 and 22632?
69
What is the highest common divisor of 6354 and 6786?
18
Calculate the highest common factor of 2700 and 884700.
900
Calculate the greatest common factor of 34644 and 84.
12
Calculate the greatest common factor of 15144 and 1224.
24
Calculate the highest common divisor of 98 and 4765544.
98
What is the highest common factor of 83590 and 6240?
130
Calculate the greatest common factor of 278 and 205442.
278
What is the greatest common divisor of 11490 and 8?
2
What is the greatest common divisor of 8370 and 27810?
270
What is the highest common factor of 4180 and 38684?
76
What is the highest common divisor of 5390 and 20?
10
What is the highest common divisor of 2912 and 101984?
32
What is the greatest common divisor of 202 and 1335018?
202
What is the highest common factor of 2890 and 10370?
170
What is the highest common divisor of 52483 and 248?
31
What is the greatest common factor of 81208 and 12?
4
What is the highest common divisor of 74974 and 874?
38
Calculate the greatest common factor of 13871 and 253.
11
Calculate the highest common divisor of 7700 and 26700.
100
What is the greatest common divisor of 1096 and 624?
8
What is the greatest common factor of 566262 and 18582?
978
Calculate the highest common factor of 2 and 6791.
1
What is the greatest common factor of 586552 and 4?
4
What is the greatest common factor of 3516 and 48?
12
What is the highest common divisor of 14184 and 84?
12
What is the highest common divisor of 922841 and 89?
89
What is the highest common factor of 201762 and 66?
66
What is the highest common divisor of 20 and 157108?
4
Calculate the greatest common divisor of 222210 and 2745.
45
Calculate the greatest common divisor of 6784 and 6148.
212
Calculate the highest common divisor of 3542 and 30030.
154
What is the highest common factor of 124603 and 106?
53
Calculate the highest common factor of 18 and 37578.
6
What is the greatest common divisor of 36256 and 2156?
44
What is the greatest common factor of 4427 and 13747?
233
What is the greatest common factor of 63 and 2434923?
9
Calculate the highest common factor of 49184 and 96.
32
Calculate the greatest common divisor of 20837 and 37631.
311
What is the greatest common divisor of 17 and 34136?
17
Calculate the greatest common divisor of 6012 and 222.
6
Calculate the highest common divisor of 618640 and 110.
110
What is the highest common divisor of 628449 and 2168?
271
What is the highest common divisor of 15 and 1237275?
15
Calculate the greatest common factor of 8 and 21354.
2
What is the greatest common divisor of 203 and 2037511?
203
What is the greatest common divisor of 530 and 1172890?
530
Calculate the highest common factor of 394919 and 7.
7
What is the greatest common factor of 870 and 588410?
290
What is the greatest common factor of 640 and 324000?
160
Calculate the highest common divisor of 12288 and 1632.
96
What is the greatest common factor of 315 and 34699?
7
What is the highest common divisor of 9476 and 12772?
412
Calculate the greatest common divisor of 20 and 1301600.
20
What is the greatest common factor of 19150 and 200?
50
Calculate the greatest common divisor of 450096 and 96.
48
What is the highest common divisor of 930613 and 755?
151
Calculate the highest common factor of 8210417 and 61.
61
What is the greatest common divisor of 664530 and 714?
102
What is the greatest common divisor of 1494 and 21294?
18
What is the highest common factor of 1299 and 86600?
433
Calculate the highest common divisor of 281822 and 2666.
86
Calculate the greatest common divisor of 7 and 4307422.
7
Calculate the greatest common factor of 86130 and 1782.
594
Calculate the highest common factor of 14 and 5243.
7
What is the highest common factor of 204 and 5919366?
102
What is the highest common factor of 13 and 4820413?
13
What is the highest common divisor of 651 and 1121239?
217
Calculate the greatest common divisor of 100 and 261260.
20
What is the greatest common factor of 22356 and 506?
46
What is the highest common divisor of 3516620 and 60?
20
Calculate the highest common divisor of 100530 and 90.
90
Calculate the greatest common divisor of 717576 and 522.
174
What is the highest common divisor of 142830 and 180?
90
Calculate the greatest common factor of 26163 and 1005210.
1377
What is the greatest common divisor of 2288 and 893750?
286
Calculate the greatest common divisor of 18537 and 3219.
111
What is the greatest common divisor of 28913 and 17946?
997
What is the greatest common divisor of 715 and 9240?
55
What is the greatest common divisor of 50 and 10130?
10
What is the greatest common divi